= -23*q + 16 + k*q - 29*q - 26*q. Give l(-9).
7
Let a(i) = -96 + 190 - 97 + 5*i. Let m(c) = -3*c + 2. Let v(q) = 4*q - 3. Let f(r) = -3*m(r) - 2*v(r). Let u be f(5). Give a(u).
22
Let l be ((-942)/(-1099))/(3/(-14)). Let m(q) = q**2 + 5*q + 13. Give m(l).
9
Suppose 22 = -2182*s + 2193*s. Let p(d) = d**3 + d**2 - 7*d + 3. What is p(s)?
1
Let p(v) = 11*v**2 + v - 24. Let r = -4 - -6. Let f(g) = -8*g + 3 - 5*g**r + 7*g + 8. Let a(j) = -9*f(j) - 4*p(j). Give a(-5).
-3
Suppose 2*j = 2*w - 6 - 0, 5*j + 4*w - 30 = 0. Suppose -3*i = -12, -j*i - 3*i = -3*u - 29. Let a(m) = m**3 + 3*m**2 - 4. Give a(u).
-4
Let v be (-7)/(-42)*(4/32 + 235/40). Let d(t) = 10*t - 6. Determine d(v).
4
Let t(k) = -42*k - 77. Let u(j) = 8*j + 15. Let f(n) = 2*t(n) + 11*u(n). Let q = 5 + -9. Let p be f(q). Let r(y) = y**2 + 7*y + 1. Calculate r(p).
-9
Let z be 1*-6 - (-31 - (-1 + -17)). Let g(u) = -6*u - 1. Determine g(z).
-43
Let q(j) = 3 - 40*j**2 + 34*j**2 + 5*j**2 + j**3. Calculate q(-3).
-33
Let u(d) = 8*d**2 + 29*d - 29. Let w(g) = -3*g**2 - 10*g + 10. Let i(q) = 4*u(q) + 11*w(q). Let a(h) = -10*h + 104. Let y be a(10). Determine i(y).
2
Let b be 7 + (-5 - (13 + -19)). Let c(p) = p**3 - 7*p**2 - 11*p - 9. Calculate c(b).
-33
Let o(r) = 7*r**2 - 11*r + 105. Let a(f) = -6*f**2 + 9*f - 104. Let i(m) = 5*a(m) + 4*o(m). Let j(v) be the first derivative of i(v). Determine j(-1).
5
Let u(s) = -3*s - 13. Let l = 417 + -413. Suppose 3*h - 4*p + 10 = 12, -3*h - 38 = l*p. What is u(h)?
5
Let m(t) = -125 + 10*t - 6*t + 23 + 21*t + 4. Determine m(6).
52
Let i be (-16)/(((-2)/(-6))/((-20)/60)). Let k(a) = a - 18. Calculate k(i).
-2
Let a(w) = 3*w**2 - w - 1. Let y(z) = -11*z**2 - 5*z + 13. Let h(j) = 4*a(j) + y(j). Calculate h(7).
-5
Let m(j) = -2*j**3 - 4*j**2 - j + 2. Let q be 1*(-1 + -3) - -2. Let y be m(q). Let b(i) = i - i**2 + 0 - y*i + 8 - 5. Give b(-4).
-1
Let x(j) = -j**2 - 12*j - 189 + 50 + 164 + 3*j. Give x(-11).
3
Let g(s) = -7674*s - 77 + 7680*s - 67. Calculate g(23).
-6
Let z(i) = -4*i - 1. Suppose -788*n + 1972 = -784*n. Let x = n + -487. Give z(x).
-25
Suppose 2*k + 5*h + 5 = 0, 169*h = -5*k + 171*h - 85. Let c(a) = -a**3 - 20*a**2 - 75*a + 3. What is c(k)?
3
Suppose 5 = -3*z + o, 49*z - 54*z = 2*o + 23. Let s(j) = -j**2 - 18*j - 32. Determine s(z).
13
Let k(u) = -4*u**3 - 5*u**2 - 17*u + 15. Let v(m) = -m**3 - 2*m**2 - 5*m + 4. Let s(g) = -2*k(g) + 7*v(g). Determine s(4).
-6
Let q(l) = l - 8. Let f(g) = 66*g - 906. Let x be f(14). What is q(x)?
10
Let d(b) be the second derivative of -b**4/6 - 13*b**3/6 + 15*b**2 - 4*b - 588. Determine d(-7).
23
Suppose 5*d + 12 = 9*d. Suppose 15 = d*s + 3*h, 8 = 5*h - 2. Let n(i) = 1 + 38*i + 2*i**2 - i**s - 35*i + 1. Calculate n(4).
-18
Let k be 2/3*(-9)/(-6). Let t(q) = 239 - 86 + 10*q - 80 - 76. Calculate t(k).
7
Let y(k) = 4*k**2 + 11*k - 11. Let l(r) = -r**3 + 6*r**2 + 41*r. Let g be l(-4). What is y(g)?
9
Let y(d) = 24*d - 121. Let u(o) = -22*o + 115. Let l(m) = -4*u(m) - 3*y(m). What is l(7)?
15
Let u(c) = -2*c**2 - 25*c + 16. Let v(g) = 3*g**2 + 37*g - 24. Let z(m) = 8*u(m) + 5*v(m). Let t be 16/(-448) - (-4190)/(-280). Give z(t).
8
Let c(k) = -k. Suppose -2*g = 3*g - 20. Suppose 0*f + 8 = 2*f + 3*n, -2*f - g*n + 12 = 0. Give c(f).
2
Let x(d) be the third derivative of -1/6*d**3 + 98*d**2 - 1/12*d**4 + 0 + 0*d. What is x(-1)?
1
Let x(f) = -f**3 - 8*f**2 - 8*f - 15. Let o be x(-7). Suppose -2 = c - 4*d + 5, -c - 4*d = -17. Let z(h) = -1 + 0 + h**3 + 9*h**2 - c + 8*h. Determine z(o).
-6
Let s = 4 + -1. Suppose 5*x - 4*f - 14 = 8, -s*f + 1 = 5*x. Let y(j) be the third derivative of j**6/60 + j**5/60 - j**4/24 + j**2 - 40*j + 144. Determine y(x).
18
Let j = -8 + 9. Let w be ((-1)/3)/(j/3). Let f(y) = 3*y + 3. Let r(t) = -t - 1. Let p(i) = 2*f(i) + 5*r(i). Determine p(w).
0
Let q(d) = 5*d + 3. Suppose -22 = 30*a - 19*a. Let l be (8/(-14))/a*(-7)/(-2). Give q(l).
8
Suppose -2*u = -4*f + u - 7, -3*f - 4*u = -26. Let c(s) = 4*s - 610. Let i(w) = -w**2 - 4*w + 914. Let a(y) = 3*c(y) + 2*i(y). What is a(f)?
-2
Let s(r) = 23*r + 8. Let u = 8032 - 8034. Give s(u).
-38
Let s(m) be the first derivative of 2*m**2 - m**3 - 8*m + 139 + 1/4*m**4. Give s(3).
4
Let w(n) = 17*n - 98*n**2 - 52 - 152*n**2 + n**3 + 261*n**2. Give w(-8).
4
Let p(l) = -2*l**2 + 9*l - 1. Suppose 26*v + 6039 = 20599. Let j be v/120 - 2/3. Determine p(j).
3
Let y be 4*(-8 + (9 - (-45)/(-20))). Let h(l) = -4*l + l - 4 - l. Determine h(y).
16
Let m be (-21)/28 + (-38)/(-8). Suppose -m*b + 3 + 41 = 0. Let h(k) = k**3 - 11*k**2 + 3. Give h(b).
3
Let l(j) be the second derivative of j**4/12 + 11*j**3/2 - 99*j**2 - 1826*j - 2. Determine l(-38).
-8
Let a(n) = 5*n**3 - 6*n**3 + 6 - 4*n + 5*n. Let s be a(0). Let y(l) = 0 - 3*l - 5 + s*l. What is y(-6)?
-23
Let u(q) = -15*q**3 + 2*q**2 - 1. Let o be 3*(-295)/(-30)*(-1 - -3). Suppose -4*y + 55 = o. Give u(y).
16
Let d(r) = 4*r - 107. Suppose 0 = 104*n - 157*n + 1325. Give d(n).
-7
Let m(u) = -7*u**2 + 16*u - 29. Let t(i) = 17*i**2 - 33*i + 57. Let p(l) = 5*m(l) + 2*t(l). What is p(8)?
17
Let t(c) = -3*c - 11. Let z = 1922 + -1925. Determine t(z).
-2
Let c(r) = -r**3 - 3*r**2 + 4*r + 6. Suppose 21 = -v + 25. Suppose 5*u = -v + 19. Let q be (-5)/15 - (-4)/u - 5. What is c(q)?
6
Let p(s) = 2*s**2 - 302339 + s**3 - 5*s**2 + 13*s**2 + 302350 + 12*s. What is p(-9)?
-16
Let j = -849 + 437. Let b = -406 - j. Let c(f) = -f**3 + 5*f**2 + 7*f - 4. What is c(b)?
2
Let u(a) = 2 + 14*a + 3*a**2 - 117*a + 104*a. Determine u(2).
16
Let h(k) = -41*k + 14*k - 1 + 9*k + 2 + 15*k - 4. Let u = 3 + 0. Calculate h(u).
-12
Let s = 7 + -7. Suppose -12 = -3*z - 3*a, -42*z + 43*z + 4*a - 10 = 0. Suppose k - 5*v - 22 = -s*k, k - z = v. Let b(m) = m**2 + m - 5. What is b(k)?
1
Suppose 0*b = b + 6. Let o(c) = 10*c + 8. Let g(j) = -3*j - 1. Let q(n) = 3*g(n) + o(n). Give q(b).
-1
Let x(w) = w**2 - 21*w - 20. Suppose 5*q - 4*q = 2*f + 14, 4*q = -4*f + 104. Let a be x(q). Let b(m) = 1 - 3*m - 3*m**3 + 2*m**3 + 0*m + 2*m**2. Give b(a).
-5
Suppose 2*s - 892 = -d, -5*d - 3087 = -5*s - 827. Let z = s - 451. Let t(n) = -n - 4. What is t(z)?
-1
Let s = 7 - 3. Let m(l) = l**3 - 3*l**2 - 4*l. Let f be m(s). Let j(y) be the third derivative of y**5/60 - 19*y**2. Calculate j(f).
0
Let q(n) = n + 1. Let g be (-15)/(-5) - (-2 + 5)*-1. Let m = 12 + -12. Suppose -2*d - 4*s - g = m, -2*d = -0*s + 2*s + 6. Give q(d).
-2
Let i(y) = 3*y**3 + 2*y**2 + 2*y + 1. Let c(v) = -284*v + 280*v - 13102 + 13085. Suppose -5*o - g - 16 = 0, 0 = g + 2*g - 12. Let m be c(o). Calculate i(m).
-2
Let a = -32 + 14. Let h(m) = m**2 + 18*m + 5. Let f be h(a). Let p(s) = -s + f*s - 4*s - s. Determine p(-6).
6
Let i(r) = -5*r - 21. Suppose -2*v + 6 = 0, 13*t + 36 = 8*t + 2*v. Give i(t).
9
Let w(j) be the second derivative of j**4/12 + 5*j**3/2 - 37*j**2/2 + 1758*j. What is w(-15)?
-37
Let y(q) be the second derivative of q**4/12 + 2*q**3/3 + q + 4. Let p = -98 + 89. Let m be 42/189 - (-56)/p. What is y(m)?
12
Let s(v) = -7*v**2 + 10*v - 5. Let h be (-6)/7*(2 + 5). Let p(x) = x**2 - 2*x. Let y(k) = h*p(k) - s(k). Give y(0).
5
Let z(s) = 2*s - 12. Let t(m) = m**2 + 18*m + 72. Let x be t(-6). Suppose x = -5*k + 4*k + 2, -5*k = -2*a. Calculate z(a).
-2
Suppose -3*t - 1551 + 1314 = 0. Let w = t - -73. Let a(f) be the third derivative of f**6/120 + f**5/10 + f**4/6 + 7*f**3/6 + 2*f**2. Calculate a(w).
-17
Let z(b) = -b**2 - 10. Let j be 8/(6/2 - 2). Suppose 4*x - t + 2 + 0 = 0, -4*t + j = 2*x. Let c be ((-3)/(-3) - x) + -1. Calculate z(c).
-10
Let o = 23 + -22. Let s be o/(-3)*(1 + 2). Let r(x) = 11*x**2 - 4*x - 8*x + 13*x. Calculate r(s).
10
Let q(r) = r**3 + 7*r**2 + 7 - 2 + 1 + r**2. Let j(g) = -12*g - 1196. Let v be j(-99). What is q(v)?
6
Let l(h) = -h**2 - 124*h - 33. Let j(n) = -2*n**2 - 199*n - 67. Let f(w) = 3*j(w) - 5*l(w). Give f(27).
-144
Let l be (-182)/13 + 1*2. Let d(p) = -p**2 - 14*p - 21. Let c be d(l). Let v(n) be the first derivative of -n**4/4 + n**3 - n + 83. Give v(c).
-1
Let t(d) = -152*d + 293. Let r(h) = -452*h + 867. Let w(q) = 4*r(q) - 13*t(q). Determine w(2).
-5
Let b(r) = -85*r**3 - 7*r - 13*r**2 + 86*r**3 + 38 + 8*r**2. Calculate b(5).
3
Let l = -44533 + 44527. Suppose -9 = -h + 2*w, -2*h + w + 7 = -2. Let m(b) = 5*b**2 - 5*b**3 - 5*b + 2*b**3 - 1 + 4*b**h. Determine m(l).
-7